List the prime factors of 649671.
3, 11, 19687
List the prime factors of 79907.
79907
What are the prime factors of 58836?
2, 3, 4903
What are the prime factors of 18800327?
7, 13, 206597
List the prime factors of 14605078.
2, 89, 82051
What are the prime factors of 36651806?
2, 1697, 10799
What are the prime factors of 6449284?
2, 19, 84859
List the prime factors of 105125.
5, 29
List the prime factors of 742093.
11, 6133
What are the prime factors of 4402171?
29, 151799
List the prime factors of 1690976.
2, 7, 7549
List the prime factors of 1662557.
13, 19, 53, 127
What are the prime factors of 1234436?
2, 7, 44087
What are the prime factors of 2931697?
29, 43, 2351
What are the prime factors of 151137?
3, 7, 2399
List the prime factors of 321844.
2, 17, 4733
What are the prime factors of 3805943?
17, 131, 1709
What are the prime factors of 5445389?
17, 320317
What are the prime factors of 1992428?
2, 149, 3343
List the prime factors of 6953950.
2, 5, 139079
List the prime factors of 232338.
2, 3, 38723
List the prime factors of 156472.
2, 19559
List the prime factors of 1314288.
2, 3, 9127
List the prime factors of 150598.
2, 7, 31, 347
List the prime factors of 338911.
227, 1493
What are the prime factors of 1124157?
3, 374719
What are the prime factors of 292151?
197, 1483
List the prime factors of 1911748.
2, 41, 11657
What are the prime factors of 829523?
181, 4583
What are the prime factors of 1592490?
2, 3, 5, 109, 487
What are the prime factors of 229645?
5, 13, 3533
What are the prime factors of 405102?
2, 3, 107, 631
List the prime factors of 562826.
2, 11, 25583
List the prime factors of 173771.
13, 13367
What are the prime factors of 1090143?
3, 59, 2053
List the prime factors of 23890.
2, 5, 2389
List the prime factors of 11886.
2, 3, 7, 283
List the prime factors of 210137.
17, 47, 263
List the prime factors of 9391484.
2, 2347871
List the prime factors of 4555776.
2, 3, 1483
List the prime factors of 3953222.
2, 7, 13, 29, 107
What are the prime factors of 150467?
17, 53, 167
List the prime factors of 2235827.
11, 439, 463
List the prime factors of 1409516.
2, 29, 419
List the prime factors of 1479573.
3, 54799
List the prime factors of 1238769.
3, 7, 53
List the prime factors of 20656559.
7, 11, 268267
List the prime factors of 1180082.
2, 590041
List the prime factors of 8586267.
3, 83, 34483
List the prime factors of 324401.
7, 11, 383
List the prime factors of 10015777.
401, 24977
List the prime factors of 339404.
2, 13, 61, 107
What are the prime factors of 665910?
2, 3, 5, 7, 151
List the prime factors of 5131114.
2, 271, 9467
What are the prime factors of 815663?
815663
List the prime factors of 648460.
2, 5, 32423
What are the prime factors of 9677554?
2, 827, 5851
What are the prime factors of 4629884?
2, 7, 37, 41, 109
What are the prime factors of 635233?
439, 1447
List the prime factors of 441192.
2, 3, 31, 593
List the prime factors of 863500.
2, 5, 11, 157
List the prime factors of 718168.
2, 11, 8161
List the prime factors of 42100230.
2, 3, 5, 251, 5591
List the prime factors of 2485703.
11, 20543
List the prime factors of 10116117.
3, 11, 34061
What are the prime factors of 16403304?
2, 3, 683471
What are the prime factors of 929302?
2, 11, 53, 797
What are the prime factors of 95670?
2, 3, 5, 1063
What are the prime factors of 113114?
2, 23, 2459
List the prime factors of 4582943.
59, 173, 449
List the prime factors of 27831263.
149, 151, 1237
What are the prime factors of 4965592?
2, 41, 15139
What are the prime factors of 63184?
2, 11, 359
What are the prime factors of 31191367?
73, 427279
List the prime factors of 388712.
2, 48589
List the prime factors of 35513744.
2, 7, 317087
List the prime factors of 187699.
187699
What are the prime factors of 2090725?
5, 7, 13, 919
What are the prime factors of 33057?
3, 3673
List the prime factors of 1181372.
2, 23, 12841
What are the prime factors of 9038?
2, 4519
What are the prime factors of 517352?
2, 11, 5879
What are the prime factors of 8838167?
13, 679859
List the prime factors of 23357486.
2, 11678743
List the prime factors of 11541817.
7, 37, 44563
List the prime factors of 2386237.
7, 47, 7253
List the prime factors of 398808.
2, 3, 29, 191
List the prime factors of 728621.
167, 4363
What are the prime factors of 8222538?
2, 3, 593, 2311
List the prime factors of 276614.
2, 13, 10639
List the prime factors of 257133.
3, 85711
List the prime factors of 393754.
2, 17, 37, 313
What are the prime factors of 4902003?
3, 544667
List the prime factors of 108626.
2, 7, 7759
What are the prime factors of 231897?
3, 17, 4547
What are the prime factors of 657089?
657089
List the prime factors of 616598.
2, 29, 10631
List the prime factors of 2154891.
3, 677, 1061
List the prime factors of 28138706.
2, 17, 23, 35983
What are the prime factors of 6606366?
2, 3, 13, 84697
List the prime factors of 855384.
2, 3, 29, 1229
List the prime factors of 126679.
7, 18097
What are the prime factors of 364703?
251, 1453
List the prime factors of 1369939.
79, 17341
List the prime factors of 169348.
2, 42337
List the prime factors of 1845453.
3, 615151
What are the prime factors of 14690341?
41, 358301
What are the prime factors of 1231199?
1231199
What are the prime factors of 85580?
2, 5, 11, 389
What are the prime factors of 691358?
2, 345679
What are the prime factors of 269159?
11, 24469
List the prime factors of 2405347.
7, 17, 29, 41
What are the prime factors of 4014720?
2, 3, 5, 17, 41
List the prime factors of 528649.
11, 17, 257
What are the prime factors of 133304?
2, 19, 877
List the prime factors of 83195.
5, 7, 2377
List the prime factors of 241857.
3, 7, 11, 349
List the prime factors of 37431.
3, 4159
What are the prime factors of 951582?
2, 3, 158597
What are the prime factors of 418964?
2, 7, 13, 1151
What are the prime factors of 2851990?
2, 5, 285199
What are the prime factors of 1006214?
2, 11, 45737
What are the prime factors of 213563?
7, 30509
List the prime factors of 10953240.
2, 3, 5, 97, 941
What are the prime factors of 104927?
317, 331
List the prime factors of 11891.
11, 23, 47
What are the prime factors of 970844?
2, 7, 34673
List the prime factors of 11371099.
37, 233, 1319
List the prime factors of 957504.
2, 3, 4987
List the prime factors of 2678069.
19, 59, 2389
List the prime factors of 7282.
2, 11, 331
List the prime factors of 10582814.
2, 11, 37, 13001
What are the prime factors of 5246708?
2, 673, 1949
What are the prime factors of 1069374?
2, 3, 37, 4817
What are the prime factors of 5514616?
2, 163, 4229
List the prime factors of 224312.
2, 11, 2549
List the prime factors of 329944.
2, 41243
What are the prime factors of 1803354?
2, 3, 7, 42937
What are the prime factors of 1833482?
2, 7, 53, 353
What are the prime factors of 129161?
53, 2437
List the prime factors of 1650099.
3, 11, 31, 1613
What are the prime factors of 1076584?
2, 23, 5851
List the prime factors of 5176711.
5176711
What are the prime factors of 213405?
3, 5, 41, 347
List the prime factors of 17940451.
601, 29851
List the prime factors of 328060.
2, 5, 47, 349
What are the prime factors of 10027605?
3, 5, 7, 1949
What are the prime factors of 42727?
42727
What are the prime factors of 5662831?
5662831
List the prime factors of 17641145.
5, 3528229
List the prime factors of 10873803.
3, 3624601
What are the prime factors of 252693?
3, 7, 191
List the prime factors of 30778.
2, 11, 1399
List the prime factors of 30855.
3, 5, 11, 17
List the prime factors of 273921.
3, 17, 41, 131
List the prime factors of 2105453.
7, 300779
List the prime factors of 49997.
17, 173
What are the prime factors of 4154290?
2, 5, 7, 17, 3491
What are the prime factors of 663416?
2, 13, 6379
List the prime factors of 470528.
2, 919
What are the prime factors of 112697?
13, 8669
What are the prime factors of 21630?
2, 3, 5, 7, 103
What are the prime factors of 35578853?
29, 1226857
What are the prime factors of 902568?
2, 3, 37607
List the prime factors of 2614203.
3, 23, 73, 173
List the prime factors of 157189.
157189
What are the prime factors of 9508505?
5, 349, 5449
List the prime factors of 132554.
2, 191, 347
List the prime factors of 1266978.
2, 3, 23, 9181
What are the prime factor